{"id":143,"date":"2014-05-19T20:23:29","date_gmt":"2014-05-19T20:23:29","guid":{"rendered":"http:\/\/3d-contournet.eu\/interaction2014\/?page_id=143"},"modified":"2014-05-26T11:20:44","modified_gmt":"2014-05-26T11:20:44","slug":"accommodation","status":"publish","type":"page","link":"https:\/\/3d-contournet.eu\/interaction2014\/accommodation\/","title":{"rendered":"Accommodation"},"content":{"rendered":"<p><strong>Hotel Intercontinental*****<\/strong><\/p>\n<p>Hotel Intercontinental is located right on the Danube bank, and is surrounded by Budapest\u2019s most iconic landmarks \u2013 the city center being in walking distance. This hotel serves as the venue of 3DTV-Con following the Summer School.<\/p>\n<p><a href=\"http:\/\/3d-contournet.eu\/interaction2014\/wp-content\/uploads\/2014\/05\/Hotel-Intercontinental-1024x681.jpg\"><img decoding=\"async\" loading=\"lazy\" class=\"alignnone size-full wp-image-164\" alt=\"Hotel-Intercontinental-1024x681\" src=\"http:\/\/3d-contournet.eu\/interaction2014\/wp-content\/uploads\/2014\/05\/Hotel-Intercontinental-1024x681.jpg\" width=\"1024\" height=\"681\" srcset=\"https:\/\/3d-contournet.eu\/interaction2014\/wp-content\/uploads\/2014\/05\/Hotel-Intercontinental-1024x681.jpg 1024w, https:\/\/3d-contournet.eu\/interaction2014\/wp-content\/uploads\/2014\/05\/Hotel-Intercontinental-1024x681-300x199.jpg 300w, https:\/\/3d-contournet.eu\/interaction2014\/wp-content\/uploads\/2014\/05\/Hotel-Intercontinental-1024x681-100x66.jpg 100w, https:\/\/3d-contournet.eu\/interaction2014\/wp-content\/uploads\/2014\/05\/Hotel-Intercontinental-1024x681-150x99.jpg 150w, https:\/\/3d-contournet.eu\/interaction2014\/wp-content\/uploads\/2014\/05\/Hotel-Intercontinental-1024x681-200x133.jpg 200w, https:\/\/3d-contournet.eu\/interaction2014\/wp-content\/uploads\/2014\/05\/Hotel-Intercontinental-1024x681-450x299.jpg 450w, https:\/\/3d-contournet.eu\/interaction2014\/wp-content\/uploads\/2014\/05\/Hotel-Intercontinental-1024x681-600x399.jpg 600w, https:\/\/3d-contournet.eu\/interaction2014\/wp-content\/uploads\/2014\/05\/Hotel-Intercontinental-1024x681-900x598.jpg 900w\" sizes=\"auto, (max-width: 1024px) 100vw, 1024px\" \/><\/a><\/p>\n<p>Address:<br \/>\nAp\u00e1czai Csere J. u. 12-14.<br \/>\nBudapest H-1052<br \/>\nHungary<\/p>\n<p>Contact:<br \/>\nPhone: +36-1-327-6333<br \/>\nFax: +36-1-327-6357<br \/>\n<a href=\"http:\/\/www.budapest.intercontinental.com\/en\/start.html\">Web<\/a><br \/>\n<a href=\"https:\/\/resweb.passkey.com\/go\/3d\">Reservation link for summer school participants<br \/>\n<\/a>Price: 119 EUR \/ room \/ night (Standard room), 149 EUR \/ room \/ night (Superior room)<br \/>\nTime to summer school venue: <a href=\"https:\/\/maps.google.hu\/maps?saddr=1052+Budapest,+Ap%C3%A1czai+Csere+J%C3%A1nos+u.+12-14&amp;daddr=BME,+Budapest,+M%C5%B1egyetem+rakpart&amp;hl=en&amp;ie=UTF8&amp;ll=47.490065,19.051881&amp;spn=0.02433,0.038581&amp;sll=47.488238,19.050722&amp;sspn=0.024331,0.038581&amp;geocode=FfzA1AIdFKciASmzyPJjP9xBRzHu_YrgfRVylg%3BFaKC1AIdxMMiASGvNO6q2YiuMCnvI1rIq91BRzGvNO6q2YiuMA&amp;oq=Ap%C3%A1czai+Csere+J.+u.+12-14.+Budapest+H-1052&amp;dirflg=r&amp;ttype=now&amp;noexp=0&amp;noal=0&amp;sort=def&amp;mra=ls&amp;t=m&amp;z=15&amp;start=0\">16 minutes using tram line 2<\/a> (including 12 min walk)<\/p>\n<p><strong>Hotel Zenit Budapest Palace****<\/strong><\/p>\n<p><a href=\"http:\/\/3d-contournet.eu\/interaction2014\/wp-content\/uploads\/2014\/05\/ZenitLogo.jpg\"><img decoding=\"async\" loading=\"lazy\" class=\"alignnone size-full wp-image-162\" alt=\"ZenitLogo\" src=\"http:\/\/3d-contournet.eu\/interaction2014\/wp-content\/uploads\/2014\/05\/ZenitLogo.jpg\" width=\"100\" height=\"95\" \/><\/a><\/p>\n<p>Hotel Zenit Budapest Palace opened in 2012. Located 50 metres from V\u00e1ci Utca (V\u00e1ci Street), Budapest\u2019s most important shopping street, and next to V\u00f6r\u00f6smarty T\u00e9r (V\u00f6r\u00f6smarty Square), the main centre for leisure activities, where you will also find a metro station. 50 metres from the Hotel is the River Danube and some spectacular views of the Buda Palace, the Chain Bridge and the Citadella. The best location for exploring the city. The Hotel is built over an 18th-century mansion. Large modern rooms, with 3-metre ceilings and delightful decor, comfortable beds, wooden floors and spacious bathrooms. Doubles, triples, family rooms, Junior Suite, disabled-accessible rooms \u2013 take you pick. The Hotel offers a gym, sauna, FREE Wi-Fi, and something fundamentally important \u2013 the attention of our staff, always available to make your stay a happy one.<\/p>\n<p><a href=\"http:\/\/3d-contournet.eu\/interaction2014\/wp-content\/uploads\/2014\/05\/Zenit.jpg\"><img decoding=\"async\" loading=\"lazy\" class=\"size-full wp-image-158 alignnone\" alt=\"Zenit\" src=\"http:\/\/3d-contournet.eu\/interaction2014\/wp-content\/uploads\/2014\/05\/Zenit.jpg\" width=\"800\" height=\"580\" srcset=\"https:\/\/3d-contournet.eu\/interaction2014\/wp-content\/uploads\/2014\/05\/Zenit.jpg 800w, https:\/\/3d-contournet.eu\/interaction2014\/wp-content\/uploads\/2014\/05\/Zenit-300x217.jpg 300w, https:\/\/3d-contournet.eu\/interaction2014\/wp-content\/uploads\/2014\/05\/Zenit-100x72.jpg 100w, https:\/\/3d-contournet.eu\/interaction2014\/wp-content\/uploads\/2014\/05\/Zenit-150x108.jpg 150w, https:\/\/3d-contournet.eu\/interaction2014\/wp-content\/uploads\/2014\/05\/Zenit-200x145.jpg 200w, https:\/\/3d-contournet.eu\/interaction2014\/wp-content\/uploads\/2014\/05\/Zenit-450x326.jpg 450w, https:\/\/3d-contournet.eu\/interaction2014\/wp-content\/uploads\/2014\/05\/Zenit-600x435.jpg 600w\" sizes=\"auto, (max-width: 800px) 100vw, 800px\" \/><\/a><\/p>\n<p>Address:<br \/>\nAp\u00e1czai Csere J\u00e1nos utca 7<br \/>\n1052 Budapest<br \/>\nHungary<\/p>\n<p>Contact:<br \/>\nPhone: +36 1 799 8400<br \/>\nFax: +36 1 799 8401<br \/>\n<a href=\"http:\/\/budapest.zenithoteles.com\/\">Web<\/a><br \/>\nThe hotel provides 10% discount for summer school attendees. To make a reservation, go to the hotel&#8217;s website, choose &#8220;Clients Access&#8221; and &#8220;Collectives&#8221; from the menu, then enter the code &#8220;3DTVC&#8221;. The code is valid <strong>until 09 June<\/strong>.<br \/>\nPrice: 87 EUR\/room\/night (single room with breakfast) &#8211; as of 23.05.2014<br \/>\nTime to summer school venue: <a href=\"https:\/\/maps.google.hu\/maps?saddr=1051+Budapest,+Ap%C3%A1czai+Csere+J%C3%A1nos+utca+7&amp;daddr=BME,+Budapest,+M%C5%B1egyetem+rakpart&amp;hl=en&amp;ie=UTF8&amp;ll=47.488238,19.050722&amp;spn=0.024331,0.038581&amp;sll=47.488245,19.053329&amp;sspn=0.024331,0.038581&amp;geocode=FaG21AId5q0iASnRwHq3QNxBRzFslW3MMzUFfA%3BFaKC1AIdxMMiASGvNO6q2YiuMCnvI1rIq91BRzGvNO6q2YiuMA&amp;oq=bme&amp;dirflg=r&amp;ttype=now&amp;noexp=0&amp;noal=0&amp;sort=def&amp;mra=ltm&amp;t=m&amp;z=15&amp;start=2\">16 minutes using tram line 2 or bus line 133<\/a> (including 12 min walk)<\/p>\n<p><strong>Estilo Fashion Hotel****<\/strong><\/p>\n<p>Estilo Fashion Hotel is an entirely new genre of hotel concept. It represents a sensuous vision of colourful diversity of the 21st century design. Original combination of styles with great pieces of furniture and extraordinary use of colours. The fascinating fusion of an urban style hotel and hip restaurant ensures the fresh balance between design and functionality.<br \/>\nEstilo Fashion Hotel is situated on V\u00e1ci utca, the bustling shopping street of the city centre. It is located directly across the Grand Market Hall, a distinctive architectural masterpiece of Budapest. The hotel off ers everything on its doorstep, including some of the most exciting caf\u00e9s, restaurants &amp; bars, as well as the most prominent tourist attractions of the city.<\/p>\n<p><a href=\"http:\/\/3d-contournet.eu\/interaction2014\/wp-content\/uploads\/2014\/05\/Estilo.jpg\"><img decoding=\"async\" loading=\"lazy\" class=\"alignnone size-full wp-image-175\" alt=\"Estilo\" src=\"http:\/\/3d-contournet.eu\/interaction2014\/wp-content\/uploads\/2014\/05\/Estilo.jpg\" width=\"550\" height=\"366\" srcset=\"https:\/\/3d-contournet.eu\/interaction2014\/wp-content\/uploads\/2014\/05\/Estilo.jpg 550w, https:\/\/3d-contournet.eu\/interaction2014\/wp-content\/uploads\/2014\/05\/Estilo-300x199.jpg 300w, https:\/\/3d-contournet.eu\/interaction2014\/wp-content\/uploads\/2014\/05\/Estilo-100x66.jpg 100w, https:\/\/3d-contournet.eu\/interaction2014\/wp-content\/uploads\/2014\/05\/Estilo-150x99.jpg 150w, https:\/\/3d-contournet.eu\/interaction2014\/wp-content\/uploads\/2014\/05\/Estilo-200x133.jpg 200w, https:\/\/3d-contournet.eu\/interaction2014\/wp-content\/uploads\/2014\/05\/Estilo-450x299.jpg 450w\" sizes=\"auto, (max-width: 550px) 100vw, 550px\" \/><\/a><\/p>\n<p>Address:<br \/>\nV\u00e1ci utca 83<br \/>\n1056 Budapest<br \/>\nHungary<\/p>\n<p>Contact:<br \/>\nPhone: +36 1 799 7170<br \/>\nFax: +36 1 799 7180<br \/>\n<a href=\"http:\/\/estilohotelbudapest.com\/\">Web<\/a><br \/>\nThe hotel provides 10% discount for summer school attendees.<br \/>\n<a href=\"http:\/\/estilohotelbudapest.com\/booking?user_language=en&amp;price_group=65536\">Reservation link for conference participants<\/a><br \/>\nPrice: 84 EUR\/room\/night (single room with breakfast) &#8211; as of 23.05.2014<br \/>\nTime to summer school venue: <a href=\"https:\/\/maps.google.hu\/maps?saddr=Estilo+Fashion+Hotel,+1056+Budapest,+V%C3%A1ci+utca+83&amp;daddr=Budapest+University+of+Technology+and+Economics,+Budapest,+M%C5%B1egyetem+rakpart&amp;hl=en&amp;ie=UTF8&amp;ll=47.484932,19.055443&amp;spn=0.012166,0.01929&amp;sll=47.485203,19.055598&amp;sspn=0.012166,0.01929&amp;geocode=Ff-b1AIdAsoiASlzOy5ZRdxBRzEmU2M08XgQ9w%3BFbmD1AIdEcYiASm7EdBIUtxBRzGFHs9L2AlxoA&amp;oq=bme&amp;dirflg=r&amp;ttype=now&amp;noexp=0&amp;noal=0&amp;sort=def&amp;mra=ltm&amp;t=m&amp;z=16&amp;start=0\">9 minutes using tram line 47 or 49<\/a> (including 7 minute walk)<\/p>\n<p>&nbsp;<\/p>\n<p><strong>City Hotel M\u00e1ty\u00e1s***<\/strong><\/p>\n<p>The City Hotel M\u00e1ty\u00e1s was the founding member of the City Hotel chain. The hotel located in the heart of the downtown just 50 metres from the famous V\u00e1ci Street, with its most exclusive shops and restaurants. The monument building hotel has 80 modern rooms, some of which have a fascinating panoramic Danube and Buda Castle view, guaranteeing an unforgettable stay in Budapest. The hotel is positioned above M\u00e1ty\u00e1s Pince (Matthias Cellar) Restaurant, renowned far and wide for its historical interior and superb cuisine. The well-equipped rooms ensure a pleasant vacation for individual guests and groups arriving to Budapest on business or leisure.<\/p>\n<p><a href=\"http:\/\/3d-contournet.eu\/interaction2014\/wp-content\/uploads\/2014\/05\/Hotel-Matyas.jpg\"><img decoding=\"async\" loading=\"lazy\" class=\"alignnone size-full wp-image-166\" alt=\"Hotel-Matyas\" src=\"http:\/\/3d-contournet.eu\/interaction2014\/wp-content\/uploads\/2014\/05\/Hotel-Matyas.jpg\" width=\"843\" height=\"562\" srcset=\"https:\/\/3d-contournet.eu\/interaction2014\/wp-content\/uploads\/2014\/05\/Hotel-Matyas.jpg 843w, https:\/\/3d-contournet.eu\/interaction2014\/wp-content\/uploads\/2014\/05\/Hotel-Matyas-300x200.jpg 300w, https:\/\/3d-contournet.eu\/interaction2014\/wp-content\/uploads\/2014\/05\/Hotel-Matyas-100x66.jpg 100w, https:\/\/3d-contournet.eu\/interaction2014\/wp-content\/uploads\/2014\/05\/Hotel-Matyas-150x100.jpg 150w, https:\/\/3d-contournet.eu\/interaction2014\/wp-content\/uploads\/2014\/05\/Hotel-Matyas-200x133.jpg 200w, https:\/\/3d-contournet.eu\/interaction2014\/wp-content\/uploads\/2014\/05\/Hotel-Matyas-450x299.jpg 450w, https:\/\/3d-contournet.eu\/interaction2014\/wp-content\/uploads\/2014\/05\/Hotel-Matyas-600x400.jpg 600w\" sizes=\"auto, (max-width: 843px) 100vw, 843px\" \/><\/a><\/p>\n<p>Address:<br \/>\nM\u00e1rcius 15. t\u00e9r 7-8<br \/>\n1056 Budapest<br \/>\nHungary<\/p>\n<p>Contact:<br \/>\nPhone: +36 1 318 0595<br \/>\nFax: +36 1 317 9086<br \/>\nEmail: reservations@cityhotel.hu<br \/>\n<a href=\"http:\/\/www.cityhotel.hu\/en\/city-hotel-matyas-budapest\">Web<\/a><br \/>\n<a href=\"http:\/\/www.cityhotel.hu\/en\/contact\/booking\/\">Reservation link<\/a> (choose City Hotel M\u00e1ty\u00e1s\u00a0 and use Promotion code: CHConference2014)<br \/>\nPrice: 54 EUR\/room\/night (single), 60 EUR\/room\/night (double)<br \/>\nTime to summer school venue: <a href=\"https:\/\/maps.google.hu\/maps?saddr=M%C3%A1rcius+15.+t%C3%A9r+7-8+1056+Budapest&amp;daddr=BME,+Budapest,+M%C5%B1egyetem+rakpart&amp;hl=en&amp;ie=UTF8&amp;ll=47.487455,19.052331&amp;spn=0.012166,0.01929&amp;sll=47.48735,19.050709&amp;sspn=0.012166,0.01929&amp;geocode=FfOp1AIdO7kiASmHwciFRtxBRzEghMyVN4s2xw%3BFaKC1AIdxMMiASGvNO6q2YiuMCnvI1rIq91BRzGvNO6q2YiuMA&amp;dirflg=r&amp;ttype=now&amp;noexp=0&amp;noal=0&amp;sort=def&amp;mra=ls&amp;t=m&amp;z=16&amp;start=2\">10 minutes using bus 133 or 233<\/a> (including 7 min walk)<\/p>\n<p><strong>Atlas City Hotel***<\/strong><\/p>\n<p style=\"text-align: justify;\">The three-star Atlas City Hotel (member of Mellow Mood Hotels) is located in Budapest city centre &#8211; near pubs, restaurants and popular public areas. New\u00a0 metro station of M4\u00a0 is just 90 meters to the hotel\u2019s main entrance\u00a0 \u2013 best and easiest way to reach the city center from the hotel (the river Danube , Big\u00a0 Market Hall, Vaci street, Gellert Spa). The\u00a0 stop of the recently opened new metro line M4 is called II. J\u00e1nos P\u00e1l P\u00e1pa t\u00e9r, and is on the next corner to Atlas City Hotel.<br \/>\nAtlas City Hotel provides a full range of three-star services for individuals, families or groups visiting the capital.<br \/>\nThe popularity of the Atlas City Hotel is due to the highest level of service, homely atmosphere, central location in Budapest, as well as our competitive prices.<\/p>\n<p style=\"text-align: justify;\"><strong>Note<\/strong>: We have made a block reservation for Summer School participants in Atlas City Hotel, subject to enough attendees booking there. To benefit from the reduced rate, you must book the hotel by filling the form below, and faxing it to the travel agency indicated on the form <strong>before 2nd June<\/strong>.<\/p>\n<p style=\"text-align: center;\"><a href=\"http:\/\/3d-contournet.eu\/interaction2014\/wp-content\/uploads\/2014\/05\/Atlas-twin-room1.jpg\"><img decoding=\"async\" loading=\"lazy\" class=\"alignnone size-full wp-image-150\" alt=\"Atlas twin room\" src=\"http:\/\/3d-contournet.eu\/interaction2014\/wp-content\/uploads\/2014\/05\/Atlas-twin-room1.jpg\" width=\"600\" height=\"399\" srcset=\"https:\/\/3d-contournet.eu\/interaction2014\/wp-content\/uploads\/2014\/05\/Atlas-twin-room1.jpg 600w, https:\/\/3d-contournet.eu\/interaction2014\/wp-content\/uploads\/2014\/05\/Atlas-twin-room1-300x199.jpg 300w, https:\/\/3d-contournet.eu\/interaction2014\/wp-content\/uploads\/2014\/05\/Atlas-twin-room1-100x66.jpg 100w, https:\/\/3d-contournet.eu\/interaction2014\/wp-content\/uploads\/2014\/05\/Atlas-twin-room1-150x99.jpg 150w, https:\/\/3d-contournet.eu\/interaction2014\/wp-content\/uploads\/2014\/05\/Atlas-twin-room1-200x133.jpg 200w, https:\/\/3d-contournet.eu\/interaction2014\/wp-content\/uploads\/2014\/05\/Atlas-twin-room1-450x299.jpg 450w\" sizes=\"auto, (max-width: 600px) 100vw, 600px\" \/><\/a><\/p>\n<p>Address:<br \/>\nN\u00e9psz\u00ednh\u00e1z u. 39-41.<br \/>\nBudapest H-1081<br \/>\nHungary<\/p>\n<p>Contact:<br \/>\nPhone: +36 1 299 0256<br \/>\nFax.: +36 1 299 0255<a href=\"http:\/\/www.budapest.intercontinental.com\/en\/start.html\"><br \/>\n<\/a><a href=\"http:\/\/atlashotelbudapest.com\/\">Web<br \/>\n<\/a><a href=\"http:\/\/3d-contournet.eu\/interaction2014\/?p=156\">Registration form<\/a><br \/>\nPrice: 30 EUR \/ person \/ night (Single room), 20 EUR \/ person \/ night (Double room), 18 EUR \/ person \/ night (Triple room)<br \/>\nTime to summer school venue: <a href=\"https:\/\/maps.google.hu\/maps?saddr=Atlas+City+Hotel,+1081+Budapest,+N%C3%A9psz%C3%ADnh%C3%A1z+utca+39&amp;daddr=BME,+Budapest,+M%C5%B1egyetem+rakpart&amp;hl=en&amp;ie=UTF8&amp;sll=47.488644,19.066257&amp;sspn=0.016675,0.042272&amp;geocode=FYO01AIdwB0jASkXcpBS9dxBRzGJpW8kvJ7WpA%3BFaKC1AIdxMMiASGvNO6q2YiuMCnvI1rIq91BRzGvNO6q2YiuMA&amp;oq=bme&amp;dirflg=r&amp;ttype=dep&amp;date=05%2F20%2F14&amp;time=08:00&amp;noexp=0&amp;noal=0&amp;sort=def&amp;mra=ls&amp;t=m&amp;z=15&amp;start=0\">12 minutes using metro line M4<\/a> (including 6 min walk)<\/p>\n","protected":false},"excerpt":{"rendered":"<p>Hotel Intercontinental***** Hotel Intercontinental is located right on the Danube bank, and is surrounded by Budapest\u2019s most iconic landmarks \u2013 the city center being in walking distance. This hotel serves as the venue of 3DTV-Con following the Summer School. Address: &hellip;<\/p>\n<p class=\"read-more\"> <a class=\"more-link\" href=\"https:\/\/3d-contournet.eu\/interaction2014\/accommodation\/\"> <span class=\"screen-reader-text\">Accommodation<\/span> Read More &raquo;<\/a><\/p>\n","protected":false},"author":2,"featured_media":0,"parent":0,"menu_order":0,"comment_status":"closed","ping_status":"closed","template":"","meta":{"nf_dc_page":"","ngg_post_thumbnail":0,"footnotes":""},"class_list":["post-143","page","type-page","status-publish","hentry"],"_links":{"self":[{"href":"https:\/\/3d-contournet.eu\/interaction2014\/wp-json\/wp\/v2\/pages\/143","targetHints":{"allow":["GET"]}}],"collection":[{"href":"https:\/\/3d-contournet.eu\/interaction2014\/wp-json\/wp\/v2\/pages"}],"about":[{"href":"https:\/\/3d-contournet.eu\/interaction2014\/wp-json\/wp\/v2\/types\/page"}],"author":[{"embeddable":true,"href":"https:\/\/3d-contournet.eu\/interaction2014\/wp-json\/wp\/v2\/users\/2"}],"replies":[{"embeddable":true,"href":"https:\/\/3d-contournet.eu\/interaction2014\/wp-json\/wp\/v2\/comments?post=143"}],"version-history":[{"count":19,"href":"https:\/\/3d-contournet.eu\/interaction2014\/wp-json\/wp\/v2\/pages\/143\/revisions"}],"predecessor-version":[{"id":176,"href":"https:\/\/3d-contournet.eu\/interaction2014\/wp-json\/wp\/v2\/pages\/143\/revisions\/176"}],"wp:attachment":[{"href":"https:\/\/3d-contournet.eu\/interaction2014\/wp-json\/wp\/v2\/media?parent=143"}],"curies":[{"name":"wp","href":"https:\/\/api.w.org\/{rel}","templated":true}]}}